hen w is divided by 42?
35
Let n(o) = -o + 4*o + 2 + 2*o**2 + 7 - 2. Calculate the remainder when n(3) is divided by 13.
8
Let q be (-4)/14*28/(-2). Let i = q + 4. Suppose f = -i + 24. What is the remainder when 31 is divided by f?
15
Let g(i) = 10*i - 73. Calculate the remainder when 183 is divided by g(12).
42
Let g = 7 + 21. What is the remainder when g is divided by (-8)/(2 - (-25)/(-10))?
12
Calculate the remainder when 285 is divided by ((-59)/(-59))/(2/18).
6
Suppose -42 = -x + 6. Calculate the remainder when 235 is divided by x.
43
Let i = -1912 - -1930. What is the remainder when 1148 is divided by i?
14
Suppose -2*g + 2*v - 8 = 0, g + 3*g - v + 1 = 0. Calculate the remainder when (-6)/3*(1 + -11*g) is divided by 8.
4
Let d = -28 - -44. Let u(o) = 35*o**2 - 41*o + 2. What is the remainder when u(2) is divided by d?
12
Let z(n) = 21*n + 3. Let d be z(3). Suppose -d = -5*j + 2*f, 3*j - 20 = f + 20. What is the remainder when 39 is divided by j?
11
Suppose 7*l - 2271 - 1635 = 0. Suppose -l = 5*q - 8*q. What is the remainder when q is divided by 11?
10
Suppose 5*h = 4*w + 339, 3*h + 0*w = -2*w + 199. Let u = 136 - h. Calculate the remainder when u is divided by 12.
9
Suppose 0 = 3*w + 9 - 0. Suppose 3*y + 6 = -2*z + 24, -24 = -4*y - 3*z. Calculate the remainder when w + (-60)/(-5)*1 is divided by y.
3
Let t(g) = -g**3 + 18*g**2 + 22*g + 18. Calculate the remainder when t(19) is divided by 40.
35
Let h(v) be the second derivative of -3*v**5/20 - v**3 - v**2 + 32*v. What is the remainder when h(-3) is divided by 20?
17
Let b = 26 + -12. Let r = 24196 + -24193. Calculate the remainder when b is divided by r.
2
Let m(z) = -74*z**3. Let p be m(1). Suppose 4 + 66 = -2*t. Let n = t - p. Calculate the remainder when n is divided by 10.
9
Suppose -7 = -2*o + 11. Suppose -172*k = 3*x - 168*k - 176, 2*x + 4*k - 124 = 0. Calculate the remainder when x is divided by o.
7
Let l = 11 - 9. Suppose 500 = l*m + 3*m. Suppose -5*r = -5 - m. Calculate the remainder when r is divided by 6.
3
Let b = -943 - -990. Calculate the remainder when 98 is divided by b.
4
Let h(v) = 2*v**3 + v**3 - 4*v + 4*v**2 + 2*v + 3 - 4*v**3. What is the remainder when 12 is divided by h(2)?
5
Suppose -12*k + 1034 = 10*k. Calculate the remainder when k is divided by 4.
3
Let t(q) = 12*q - 319. Calculate the remainder when 56 is divided by t(29).
27
Suppose 21 - 246 = -5*d. Calculate the remainder when 120 is divided by d.
30
Let w be (-3)/2*(-2)/3. Let f be 3*w + 0/9. Suppose -x = -3*y - 26, -f*x = -6*x + 5*y + 90. What is the remainder when x is divided by 19?
16
Let t(u) = -2*u**2 + 2*u. Let h be t(3). Let m be (-25)/(3 + h/3). What is the remainder when m + 4/8*0 is divided by 13?
12
Suppose 2*f - 106 = -5*h - 37, 0 = 3*f - 5*h - 66. What is the remainder when 68 is divided by f?
14
Let n be (9/3)/(3/(-2)). Let w = 6 + n. Calculate the remainder when (-12)/(-28) - (-506)/77 is divided by w.
3
Let j(q) = -6*q**2 + 15 - 24 + 9*q + 5*q**2. Calculate the remainder when 14 is divided by j(6).
5
Let d(g) = 18*g + 15. Suppose 5*u - 105 - 215 = 0. Calculate the remainder when u is divided by d(0).
4
Calculate the remainder when 122 is divided by (-249)/(-9) - 76/(-57).
6
Let l = -556 - -543. Let k(s) = 6*s**2 - 3*s + 2. Let r be k(2). Let j = r - l. Calculate the remainder when j is divided by 18.
15
Suppose 8*b - 18*b = 0. Suppose -f = 4*f - 15, -3*l - 3*f + 438 = b. Calculate the remainder when l is divided by 12.
11
Let f(t) = 2*t**2 + 3*t - 6. Let c be f(-5). Let w = 54 - c. Calculate the remainder when (-11)/((16 + -15)/(-9 + 0)) is divided by w.
24
Let y(i) be the second derivative of -6*i + 0 - 1/3*i**3 + 5/2*i**2. What is the remainder when 50 is divided by y(-4)?
11
Let w be 22/(-121) + (-48)/(-22). Suppose -3*b - 9 = 0, b + 369 = 5*t - w*b. What is the remainder when t is divided by 25?
22
Suppose -2*z + 18 = -28. Let j = -77 + 85. What is the remainder when z is divided by j?
7
Let x(y) = 6*y**2 + 18*y + 1. What is the remainder when x(-4) is divided by 4?
1
Let x = -9 + 11. Suppose -h = j, 0 = x*h + 2*h + 2*j + 8. Let f(d) = -d**3 + d**2 + 2*d - 5. Calculate the remainder when f(h) is divided by 17.
16
Let j(v) = -2*v - 7. Suppose 4*t + 2*t = -108. Calculate the remainder when j(t) is divided by 6.
5
Suppose 61 = 5*f - 2*i - 306, 0 = -3*f - 5*i + 245. What is the remainder when 147 is divided by f?
72
Let y(l) be the third derivative of -l**6/15 + l**5/30 + l**4/24 - l**3/3 + 16*l**2. Calculate the remainder when y(-1) is divided by 4.
3
Suppose -5*p + 35 = 4*w - 20, -5 = 5*p. Suppose -738 = -5*u - 108. Suppose -3*h = -6*h + u. What is the remainder when h is divided by w?
12
Let a = 3 - 3. Let o(w) = 9*w - 6*w**2 + a + 5*w**2 - 1. What is the remainder when 48 is divided by o(6)?
14
Suppose -252*h + 2990 = -226*h. What is the remainder when h is divided by 13?
11
Let s be (-10)/15 - 22/(-6). Suppose -s*r = r - 36. Calculate the remainder when 57 is divided by 1*3 + (r - -3).
12
Let y = -145 - -143. Let v(w) = 2*w + 6*w**2 + 3 + w + 0*w. Calculate the remainder when v(y) is divided by 6.
3
Suppose -2*q + 6*q = 2*r - 104, -r = 4*q - 70. Calculate the remainder when r is divided by 20.
18
Suppose 7*r - 313 - 562 = 0. What is the remainder when r is divided by 18 + 16 + -1*2?
29
Let k(m) be the third derivative of 2*m**5/3 - m**4/24 - 7*m**2. Suppose -3*s - 2 = p - 42, -s + 20 = -3*p. Calculate the remainder when k(-1) is divided by s.
13
Suppose 0 = 3*n - n - 138. Suppose -3*s - y = -25 - n, y + 154 = 5*s. Calculate the remainder when s + -2 - (1 + -2) is divided by 16.
14
Let l = 114 + -51. Calculate the remainder when 500/6 - 84/l is divided by 44.
38
Suppose -5 = -39*j + 38*j. Suppose -u - 3*w + 29 = -0*u, 0 = j*u - 2*w - 111. Calculate the remainder when u is divided by 8.
7
Let q(y) = 3*y - 15. Let o be q(6). Suppose -o*g + 35 = 2. What is the remainder when 21 is divided by g?
10
Let c(g) = -g**3 - 5*g**2 + 5*g - 2. Let n be c(-6). Suppose 0 = -n*x + 5*x - 3. Let y(v) = 2*v. What is the remainder when 10 is divided by y(x)?
4
Let f = -267 + 326. Calculate the remainder when 172 is divided by f.
54
Suppose 36 = -6*r + 7*r - 5*z, 0 = 4*r - 3*z - 161. Calculate the remainder when 140 is divided by r.
17
Suppose -86*i - 156 = -99*i. Calculate the remainder when 30 is divided by i.
6
Let i(p) = 6*p. Let x be i(3). Suppose x = 4*v - 18. Let r = 10 - 6. What is the remainder when v is divided by r?
1
Suppose 5*t = 3*m - 75, 3*m - 12*t + 15*t = 75. Calculate the remainder when 321 is divided by m.
21
Let h be -3 - (3/(-3) + -2). Let j(x) = 3*x + 1. Let g be j(1). Calculate the remainder when (3 - g)*(-7 + h) is divided by 4.
3
Let b = -33 - -51. What is the remainder when (-12)/b - 11/(-3)*7 is divided by 9?
7
Let d = -105 - -93. Let c = 28 - d. Calculate the remainder when c is divided by 15.
10
What is the remainder when 767 is divided by (2/((-16)/(-132)))/(33/110)?
52
Let f = 82 + -80. Suppose -u - 2*u = -5*x - 142, -f*x - 205 = -5*u. Calculate the remainder when u is divided by 8.
7
Suppose -12 + 4 = -4*f, f = r - 7. What is the remainder when 204 is divided by r?
6
Suppose 0 = -5*o + 2*o + 378. Calculate the remainder when o is divided by 22.
16
Let z(p) = 4*p - 24. Let s be z(7). Suppose -3*w = -5*x + 12, 0 = s*w - 3 - 1. Calculate the remainder when 8 is divided by x.
2
Let m(z) = -7*z**3. Let v be 120/36*(-3)/(-1). Let b = -7 + v. What is the remainder when m(-1) is divided by b?
1
Let c be 0/(-2) - (3 + -1). Let q be (30/24)/(c/(-40)). Suppose q = 3*u - 14. Calculate the remainder when 35 is divided by u.
9
Let w(r) = r - 23. Let k be w(15). Calculate the remainder when (-2)/k + (-285)/(-20)*3 is divided by 11.
10
Suppose -2*c = -51 + 13. Let b(s) = -11*s**3 + s**2 - 1. Calculate the remainder when c is divided by b(-1).
8
Suppose 67*j - 26 = 66*j + 5*p, -5*j = -4*p - 46. Let u = 38 - 21. What is the remainder when u is divided by j?
5
Suppose 68 = 4*g - 2*n - 54, 4*n = -3*g + 64. Let q = g - 25. Let s = -4 + 7. What is the remainder when q is divided by s?
0
Suppose 5*u - 75 = 5*v, -5*u + u - 3*v + 46 = 0. Calculate the remainder when 570 is divided by u.
11
Let a = 8 - -21. Calculate the remainder when 200 is divided by a.
26
Suppose 0 = -0*k + 2*k - 76. Suppose